rime factors of x.
3, 23
Let x(r) = 2*r**3 - 9*r**2 - 4*r + 29. Let l be x(6). Suppose -t + 143 = -5*f + 18, 0 = t - 2*f - l. List the prime factors of t.
3, 5, 7
Let v(x) = -x**2 - 4*x + 4. Let r be v(-4). Suppose g + 5*a - 29 = 4*a, 5*g = -3*a + 139. What are the prime factors of (r/(-6))/(g/(-351))?
3
Suppose 4*b + 5 = -5*a - 3, -4*b + 4 = 2*a. Suppose -3*w = 2*c - 226, b*c = 4*w + w - 402. List the prime factors of w.
2, 3, 13
Let n = -3677 + 5583. What are the prime factors of n?
2, 953
Let x(f) = -3*f + 18. Suppose 4*m - 3*s = m - 3, 4*m - 2*s + 2 = 0. Suppose t - 2*t = m. What are the prime factors of x(t)?
2, 3
Let t = 50 - -203. What are the prime factors of t?
11, 23
List the prime factors of 3/(-30)*-6 - 10352/(-80).
2, 5, 13
What are the prime factors of 0 - -6 - (-192 - 43)?
241
Let l be (-1)/((-3)/(-165)*-1). Suppose -3*w + 35 = -l. List the prime factors of 6/w + 218/10.
2, 11
Let w be 2/11 + 75/11 + -2. Suppose -3*d - 2*u + 660 = 0, 3*d - w*d - 2*u = -440. List the prime factors of d.
2, 5, 11
Let i = -620 - -922. List the prime factors of 6/4*(i/6 + 1).
7, 11
Let s = -145 - -172. What are the prime factors of s?
3
Let u = 6 + -6. Suppose 0 = -u*z + 5*z - 20. Suppose z*d - 40 - 16 = 0. What are the prime factors of d?
2, 7
Let o = 2382 + -912. List the prime factors of o.
2, 3, 5, 7
Suppose 3*m - 28 + 33 = -2*c, m = -2*c - 11. Let t(l) be the first derivative of l**4/4 + 7*l**3/3 + l**2/2 + 10*l - 1. What are the prime factors of t(c)?
3
Let c be (-4)/18 - (-22)/99. Suppose -3*j = c, 5*j - 113 = -d + 118. List the prime factors of d.
3, 7, 11
Suppose -5*a - 245 = -5*i, -3*i - 4*a = a - 187. Suppose 0*f + i = 2*f. List the prime factors of f.
3
Let y(v) = v - 6. Let b be y(6). Suppose -4*k + k + 148 = -4*n, 4*k + 5*n - 187 = b. What are the prime factors of k?
2, 3
Let s(n) = 2*n + 5. Let b be s(-6). Let q = 10 + b. Suppose -2*c + q*c - 4 = 0. List the prime factors of c.
2
Let w be -3 + 1 + (-5 - -9 - 0). Suppose -c = 0, 2*b + 3*c - 182 = -w*c. What are the prime factors of b?
7, 13
Let o = 609 + -575. What are the prime factors of o?
2, 17
Let s = 17 + -10. Suppose 48 = s*p - 3*p. What are the prime factors of (p/9)/((-6)/(-63))?
2, 7
Let m be -35 - (4 + -7 - -2). Let g = m - -49. List the prime factors of g.
3, 5
Suppose 0 = -2*g + 6, 2*n + 4*g + 111 = 5*n. Suppose n = -r + 182. List the prime factors of r.
3, 47
Let f(p) = -1090*p + 406. What are the prime factors of f(-5)?
2, 3, 61
Let m be -1 + (-3)/(-3) + 3. Suppose m*w + 29 = 2. Let f(d) = d**2 + 5*d - 6. List the prime factors of f(w).
2, 3, 5
Let t = -121 - -73. List the prime factors of 818/14 - t/84.
59
Let k = -5 - -43. Let c = k - -94. What are the prime factors of c?
2, 3, 11
Let h = 31 - 0. Suppose 34*q - 219 = h*q. List the prime factors of q.
73
List the prime factors of ((-70)/4 - 1)*(-26 - -4).
11, 37
Let f = 1306 + -697. What are the prime factors of f?
3, 7, 29
Suppose 0 = -39*i + 23725 + 2834. List the prime factors of i.
3, 227
Suppose 28*a = 31*a - 639. List the prime factors of 9*2/(2 + a/(-111)).
2, 3, 37
Let p = 12 + -8. Suppose -14 = -p*b + 2*b. What are the prime factors of b?
7
Let q = -81 + 165. Suppose -q = -8*x + 2*x. List the prime factors of x.
2, 7
Suppose -2*y = v - 5, -5*v = -y + 23 + 7. Suppose -31 + 5 = -2*o. Suppose 0 = -4*n + u + 10 + 19, -2*n - o = y*u. List the prime factors of n.
2, 3
Let g = -586 - -298. Let h = 438 + g. List the prime factors of h.
2, 3, 5
Suppose -38*o + 103181 = -81195. List the prime factors of o.
2, 1213
What are the prime factors of 6/18*33 - -3116?
53, 59
Let p = 65 + 361. Suppose -3*s + q = -p, -4*q + 129 = -12*s + 13*s. List the prime factors of s.
3, 47
Let h(f) = 2*f**3 - 4*f**2 + 2*f + 3. Let y = 1 + 1. Suppose 2*g = -2*x + 16, -x = -g - 0*g + y. What are the prime factors of h(x)?
3
Let w(o) = o**2 - 12*o + 14. Suppose -33 = 2*z - 5*z. List the prime factors of w(z).
3
Suppose -3*x + 85 = 5*t - 0*t, 115 = 5*x + 3*t. List the prime factors of (-3)/(-12) - (-1275)/x.
2
Let y be 159 + 1 + 0 + 5 + -8. Suppose 4*t = y - 37. What are the prime factors of t?
2, 3, 5
Suppose 2*j - 2576 = 10. List the prime factors of j.
3, 431
Let g be (2/2*10)/(-19 + 21). Let f be (-3 - 0)*(-2 + 1). Suppose -5*y + 156 = g*s - 3*y, -f*s = -y - 98. List the prime factors of s.
2
Let o = -583 - -890. Suppose t + 4*h = o, 0 = -3*t - 0*t + 4*h + 937. List the prime factors of t.
311
Suppose r - 6*r = -20. Let z(k) = 3*k**2 - 21*k + 56. Let f be z(3). Suppose c + r*p - 26 = 0, -c + 3*p + f = 5*p. What are the prime factors of c?
2, 7
Suppose 20*q - 494 = 18*q. What are the prime factors of q?
13, 19
Suppose -127 = 4*d + 217. What are the prime factors of d/(-4) - (-18)/(-12)?
2, 5
Let u = 4 + -12. Let p(g) = g**2 + 4. List the prime factors of p(u).
2, 17
Suppose -2*w + j + 7 = 0, 0*j = w - 4*j. Let g(c) be the second derivative of 7*c**3/6 + c**2 + c. List the prime factors of g(w).
2, 3, 5
Suppose 35328 = 26*w - 3*w. List the prime factors of w.
2, 3
Let l(a) = 16*a**2 + a + 2. Let c = -48 - -51. List the prime factors of l(c).
149
List the prime factors of (12/(-24))/((-3)/3996).
2, 3, 37
Let b = 107 + 177. List the prime factors of b.
2, 71
Let h = 309 - 71. List the prime factors of h.
2, 7, 17
Let q(a) = -a**3 + 3*a**2 + 3*a + 5. Let p be q(6). Let u = p - -157. Suppose 3*c - h - 47 = 4*h, -5*c + 2*h = -u. List the prime factors of c.
2, 7
Let h = 18 + -53. Let z = h - -148. List the prime factors of z.
113
Let a(i) = -i + 7. Let u be a(3). Suppose -5*h + 7 = -2*l, 0*h + 3*h + 1 = -u*l. What are the prime factors of (1 - l) + (-84)/(-3)?
2, 3, 5
Let s = -182 - -34. Suppose 0 = -2*m - 5*p - 27, 10 = -5*m - 0*m - p. What are the prime factors of m/(4/s) + -3?
2, 17
Let c(x) = 34*x - 203. What are the prime factors of c(19)?
443
Suppose -y + 623 = -3*w + 130, 5*w + 4*y = -799. Let n = w + 246. List the prime factors of n.
83
Let b(u) = 3*u + u**2 - u + 5 - 4 + 9. What are the prime factors of b(0)?
2, 5
Let p(h) = -745*h**3 + h**2 + 12*h + 9. What are the prime factors of p(-2)?
3, 661
Let q = 15 - 2. Let l(t) = -q*t - 1 + 6*t**2 + 3*t**2 - 10*t**2 - 4*t. What are the prime factors of l(-12)?
59
Suppose 179 + 43 = 3*s. Let x = 85 + s. List the prime factors of x.
3, 53
Suppose 0 = -3*c + 3*n + 30, 4*n - 40 = -4*c - 8. Suppose -c = q - 67. List the prime factors of q.
2, 29
Let a = 12 - -68. What are the prime factors of a?
2, 5
Let a(q) = 0*q**3 + 1 - q**3 - 13 - 7*q**2 - 10*q. List the prime factors of a(-6).
2, 3
Let l(f) = f**3 + 26*f**2 - 27*f + 8. List the prime factors of l(-24).
2, 113
Let y(l) = 2*l**3 - 32*l**2 - 32*l - 15. List the prime factors of y(17).
19
Let h(s) = 13*s**3 - 2*s**2 + 4*s - 11. What are the prime factors of h(3)?
2, 167
List the prime factors of (7 - 25)/((-42)/3381).
3, 7, 23
Let x be 1 - (-1 - -1) - -29. Suppose 0 = 2*p - 38 - x. What are the prime factors of p?
2, 17
Let k(c) = -431*c - 62. List the prime factors of k(-5).
7, 13, 23
Let x = 11 - 7. Suppose -x*o = -o - 18. Suppose v + 3*h = -2, o*v - 46 = 3*v + 4*h. What are the prime factors of v?
2, 5
Suppose 0 = 3*b - 14397 - 228. What are the prime factors of b?
3, 5, 13
Let b(t) = 17*t - 71. What are the prime factors of b(12)?
7, 19
Suppose 5*o + 2 = 3*m - 3, 0 = -2*o + 4. Let t be 2628/60 + 1/m. List the prime factors of 6/33 + 2676/t.
61
Let z = 255 + -265. Let s(t) = t**3 + 4*t**2 - 5*t - 4. Let o be s(-5). Let b = o - z. List the prime factors of b.
2, 3
Suppose -s + 1 - 7 = 0. Let z be (2/s)/(7/(-462)). Suppose -4*d + z = -54. List the prime factors of d.
19
What are the prime factors of (-48)/4 - 111210/(-30)?
5, 739
Suppose 178*s - 180*s + 9794 = -4*w, 5*w = -3*s + 14647. List the prime factors of s.
4889
Let l = 554 - 114. What are the prime factors of l?
2, 5, 11
Suppose 0*b = -2*b. Suppose -15 = -2*k - 0*k + 3*m, 2*k + 5*m + 9 = b. Suppose 0*q = k*v - 2*q - 73, -3*v + 71 = -q. List the prime factors of v.
23
Let o be (-1463)/(-22)*3*2/3. Suppose -2*w = -5*r - o, 5*w - 3*r + 0*r - 361 = 0. List the prime factors of w.
2, 37
Let k(j) = 21*j - 17. Let i be k(5). List the prime factors of i/6 - 2/(-6).
3, 5
Let b = 7 - 7. Let i be 4 + (8/(-2) - b). Suppose -3*r - 40 + 175 = i. What are the prime factors of r?
3, 5
Suppose -10*q - 1